**3 - 11*r**2 + r + 15. Let y be f(-11). Suppose -y*l + 24 = -32. List the prime factors of l.
2, 7
Let w = 81 + -47. List the prime factors of w.
2, 17
Let g be -4*(1 + 39/(-4)). Let j be 5/(1 - 16/20). Let m = g - j. List the prime factors of m.
2, 5
Let f be 204/9*(-3)/(-2). Let q(d) = -4*d**3 - 2*d**2 + 2*d + 2. Let n be q(-2). Let o = f - n. What are the prime factors of o?
2, 3
Suppose -6*x - 2*j = -x - 134, 34 = x - 2*j. What are the prime factors of x?
2, 7
Let u(f) be the third derivative of 2*f**5/15 + f**4/12 - f**3/6 + f**2. Suppose -3*b - 11 = -6*b - 4*w, -4*w + 8 = 0. List the prime factors of u(b).
3
Let r(j) = -3*j**2 - 26*j + 13. Let i(t) = -t**2 - 9*t + 4. Let h(o) = -8*i(o) + 3*r(o). What are the prime factors of h(-6)?
7
Let w = 40 - 20. Suppose -u + 3*g = u + 12, w = 4*u + 5*g. List the prime factors of 12 + (-2 - 0 - u).
2, 5
Suppose -12 = 4*r - 2*z - 34, -3*z = -4*r + 19. Suppose 3*t - r = 4*p, -t + 14 = 2*p - p. List the prime factors of t.
3
Let u(y) = y**2 + 2*y + 3. Let d be u(-4). Let r = d + 11. Suppose 3*g + 7 = r. What are the prime factors of g?
5
Let y(d) = d**2 + 7*d - 8. Let p be y(-8). Suppose p*s + 24 = s. Suppose 0 = -f - 6 + s. List the prime factors of f.
2, 3
Suppose -2*u + 38 = 16. What are the prime factors of u?
11
Suppose 0 = 5*y + 237 + 243. Let h = -150 - y. What are the prime factors of 4/(-18) + (-552)/h?
2, 5
Suppose 23 = 5*p + 2*a, -2*a + 20 = 4*p - 0*p. Let s(z) = -p + z + 5 + 0*z**2 + z**3 + 4*z**2. What are the prime factors of s(-3)?
2
Let v = 27 - 120. List the prime factors of 6/(-10) - v/5.
2, 3
Let a = 5 + -1. Suppose 0 - a = -2*y. Suppose 15 = 3*o - y*o. What are the prime factors of o?
3, 5
Let z = 1 - 1. Let j = z - -1. Suppose 4*o + 0*y + 2*y = 54, -o + 2*y = -j. List the prime factors of o.
11
Let d(m) = m**3 + m**2 - 2*m - 1. Let s be d(-5). Let k = -56 - s. List the prime factors of k.
5, 7
Let d(o) = 9*o - 1. Let c be d(1). Let u = -11 + c. Let x(n) = -4*n - 1. List the prime factors of x(u).
11
Suppose -3*r - 20 - 100 = 0. What are the prime factors of 148/10 + (-8)/r?
3, 5
Let o = 0 - -1. Let v be 8/((1 + 0)*o). Let u = v + -6. What are the prime factors of u?
2
Let l = -6 - -6. Let y be -2 + (0 - l) - -12. What are the prime factors of -3 + y + 2 + -1?
2
Suppose 15*o + 0*o = 4665. What are the prime factors of o?
311
Suppose -8*b = -11*b + 147. What are the prime factors of b?
7
Let s = 6 - 5. Let a(u) be the first derivative of 3*u**2/2 - u + 2. What are the prime factors of a(s)?
2
Let g(c) = c**2 - 3*c + 3. Let h be g(3). What are the prime factors of (h/1)/(3/14)?
2, 7
Let f(b) = 0*b**3 - 7*b**2 + 2*b**3 + 4 - 5*b - 3*b**3. Let h be f(-6). Let u(v) = 6*v**2 + 2*v - 2. What are the prime factors of u(h)?
2, 3
Let q(t) = 15*t**2 - 1. Let n be q(1). Let x be ((-4)/(2/(-2)))/(-1). Let z = x + n. What are the prime factors of z?
2, 5
Suppose 2*q = 4*q - 4. Suppose q*d - d - a - 9 = 0, 0 = -5*d + 2*a + 30. Let v = 2 + d. List the prime factors of v.
2, 3
Suppose 3 - 15 = 2*z. Let l = 1 - z. Let w(h) = h - 1. List the prime factors of w(l).
2, 3
Let l(r) = 6*r**3 - r**2 + 2*r - 1. Suppose 1 = -2*n + v, -2*n - v = -11 + 2. List the prime factors of l(n).
47
Let s(l) = -22*l - 42. List the prime factors of s(-5).
2, 17
Let y(f) = 2*f**2 + 6*f - 24. List the prime factors of y(7).
2, 29
Suppose -j + 58 = 11. What are the prime factors of j?
47
Suppose 4*u - 2 = 6. Let d be (7 + 1)/1 - -2. Suppose 5*v + 4*s + d = 0, -5*s = -v - u*s + 17. What are the prime factors of v?
2
Let t(l) = l**2 - 4. Let h(d) = -d + 7. Let m be h(4). Let k be t(m). Suppose 2 = -z + 5*g, 6 = 4*z - k*g - 1. List the prime factors of z.
3
Let f = 5 - 9. Let s be f + 0 - (-1 + 1). List the prime factors of (-42)/s*(-4)/(-6).
7
Suppose -2*f + 4 = -f. What are the prime factors of f?
2
Let t = -11 + -6. Let y = 31 + t. List the prime factors of y.
2, 7
Let r(u) = -u**3 + 25*u**2 + 33*u - 27. What are the prime factors of r(26)?
5, 31
Let y = 7 + 4. List the prime factors of y.
11
Let c = -37 - -54. What are the prime factors of c?
17
Let t(l) = -l**2 + 18*l - 19. Let a be t(14). Let v = a + -17. What are the prime factors of v?
2, 5
Let i(h) = -29*h**3 + 10*h + 20. What are the prime factors of i(-2)?
2, 29
Let j be (-20)/(-110) + (-376)/11. Let q = -2 - j. What are the prime factors of q?
2
Let s = 68 + -43. What are the prime factors of s?
5
Let d = 88 - 41. List the prime factors of d.
47
Suppose l + 483 = 8*l. List the prime factors of l.
3, 23
Suppose 76 = d + 3*d. List the prime factors of d.
19
Let w = 360 - 238. List the prime factors of w.
2, 61
Let p = -238 - -133. What are the prime factors of (-1 - 1)/(10/p)?
3, 7
Let j(f) = -f**3 + 9*f**2 + 2*f - 1. List the prime factors of j(9).
17
Let p = 190 + 106. List the prime factors of p.
2, 37
Let u(v) = v**2 + 8. Let z be u(0). Let d = z - -12. List the prime factors of d.
2, 5
Let x(p) = -p - 7. Let w be x(-5). Let n be (-3 - w)*28/(-4). Suppose 5*c - n = 4*b - 1, 4*c - 9 = -b. List the prime factors of c.
2
Suppose 0 = -4*c + c - 6. Let d be -12*(15/9 + c). Let j(s) = s**2 - 3*s + 5. What are the prime factors of j(d)?
3
Suppose 4 = -w + 3. Let t be ((-3)/((-3)/(-8)))/w. Let i = t - -4. What are the prime factors of i?
2, 3
Suppose 0*m = 3*m. Suppose m = 8*k - 13*k + 80. List the prime factors of k.
2
Let f(j) = j**3 + 2*j**2 - 1. Let h be f(1). Suppose 24 = 3*x - v, -h*v + 15 = x - 0. What are the prime factors of x?
3
Suppose 5*f = 6 - 1. Let j = -2 + f. List the prime factors of ((-3 + 2)*7)/j.
7
Suppose 0*j + 8 = 2*j. List the prime factors of (-24)/9*(-15)/j.
2, 5
Let v(l) = 2*l**2 + 0*l - 10 - 1 + 6*l. List the prime factors of v(-6).
5
Let b be 0*2/(-5 + 1). Suppose k + 2*s = 13, 38 = 4*k + 3*s + 6. Suppose 2*f = b, 5*g - 11 = k*f + 19. What are the prime factors of g?
2, 3
Let w(t) = -12*t + 5 + 7*t + 10*t. What are the prime factors of w(7)?
2, 5
Suppose 157 = 4*n - 95. Suppose 7 = 4*d + n. List the prime factors of ((-15)/6 - -2)*d.
7
Let m(c) = -c**3 + 8*c**2 - 5*c. Let t be m(5). Let v be ((-2)/(-4))/(5/t). Suppose -r - 4*d = 3*r, r + v*d = -16. List the prime factors of r.
2
Suppose -50 = -2*w - 0*w. What are the prime factors of w?
5
Let j(i) = i**2 - 2. Let s be j(2). Suppose 5*f - 10 = 5*x, s*f = -3*f + 2*x + 19. Suppose -34 - 1 = -f*r. List the prime factors of r.
7
Let h(t) = 4*t - 7. List the prime factors of h(3).
5
Let i(a) = a**2 - a + 6. Let y be i(0). Suppose -l + y*l - 20 = 0. Let m(r) = -r**3 + 4*r**2 + 4*r - 5. List the prime factors of m(l).
11
Let a be (-2)/3*6/(-1). Suppose 0 = -a*g - 0*g + 12. Suppose -n + g*n = 8. List the prime factors of n.
2
Suppose -22 = h + 2. Let f = h - -39. List the prime factors of f.
3, 5
Let b = -55 - -130. Let v = 11 - 6. Suppose -n + v*x - 3*x + 15 = 0, 5*n - b = -4*x. List the prime factors of n.
3, 5
Suppose 4*s - s - 72 = 0. Suppose 0 = -b + 3*q + 18, -b = -q + 6 - s. List the prime factors of b.
2, 3
Let u(b) = b**3 - 9*b**2 - 7*b - 10. What are the prime factors of u(10)?
2, 5
Let q be -1 - (-91 - (0 + 1)). Suppose -4*u = 7 - q. Suppose -5*r - 4*j + u = -18, -2*r + 2*j = -12. What are the prime factors of r?
7
Let p be (-2)/(-2) + 33 + 2. Suppose -6*i = -2*i - p. List the prime factors of i.
3
Let z = -8 - -11. Suppose 5*a + t - 15 = 97, 0 = 3*a + z*t - 60. List the prime factors of a.
23
Suppose -2*f = 37 - 189. Suppose u = -3*u + f. List the prime factors of u.
19
Let f be (-12)/(-66) + 35/(-11). Suppose 3*g - 5*g = -20. List the prime factors of (3 + 1 + f)*g.
2, 5
Let p(f) = f**3 + 6*f**2 - 6*f + 10. Suppose 0 = 5*d + 35 - 0. Let i be p(d). List the prime factors of 4/(-3)*(i + -12).
2, 3
Let g(r) = 17*r + 3. What are the prime factors of g(21)?
2, 3, 5
Suppose 0 = 2*u - 3*u. Suppose u*q - 8 = -2*q. Suppose -q*b + 18 = -2. What are the prime factors of b?
5
Suppose 5*a + 2 - 7 = 0. Let r = -32 + 37. Suppose a = n - r. What are the prime factors of n?
2, 3
Suppose x = -2*x + 6. Suppose 0*m + 15 = -5*q + 3*m, -q = -x*m + 10. Suppose -3 - 5 = -2*b, -y + b + 7 = q. List the prime factors of y.
11
Suppose -d + 246 = 5*d. List the prime factors of d.
41
Let m be 1 + -2*1/(-2). Suppose 2*j + m*j - 8 = 0. List the prime factors of j.
2
Suppose 5*a + 205 = y, 2*a = 12*y - 11*y - 220. Lis